{"id":829,"date":"2021-01-06T13:20:55","date_gmt":"2021-01-06T13:20:55","guid":{"rendered":"http:\/\/shop.restaurant-maulhelden.de\/?post_type=product&#038;p=829"},"modified":"2021-01-06T13:21:54","modified_gmt":"2021-01-06T13:21:54","slug":"karotten-erdnuss-cremesuppe-280ml","status":"publish","type":"product","link":"https:\/\/maulhelden.typo38.de\/?product=karotten-erdnuss-cremesuppe-280ml","title":{"rendered":"KAROTTEN ERDNUSS CREMESUPPE 280ml"},"content":{"rendered":"<p><strong>K\u00fcrbiscremesuppe von heimischen Karotten und ger\u00f6steten Erdn\u00fcssen<\/strong><br \/>\nEinfach nur erw\u00e4rmen &amp; genie\u00dfen<\/p>\n","protected":false},"excerpt":{"rendered":"<p>&nbsp;<\/p>\n<p><em>Preis zzgl. 1\u20ac Pfand f\u00fcr Glas &amp; Deckel<\/em><\/p>\n","protected":false},"featured_media":830,"template":"","meta":[],"_links":{"self":[{"href":"https:\/\/maulhelden.typo38.de\/index.php?rest_route=\/wp\/v2\/product\/829"}],"collection":[{"href":"https:\/\/maulhelden.typo38.de\/index.php?rest_route=\/wp\/v2\/product"}],"about":[{"href":"https:\/\/maulhelden.typo38.de\/index.php?rest_route=\/wp\/v2\/types\/product"}],"wp:featuredmedia":[{"embeddable":true,"href":"https:\/\/maulhelden.typo38.de\/index.php?rest_route=\/wp\/v2\/media\/830"}],"wp:attachment":[{"href":"https:\/\/maulhelden.typo38.de\/index.php?rest_route=%2Fwp%2Fv2%2Fmedia&parent=829"}],"curies":[{"name":"wp","href":"https:\/\/api.w.org\/{rel}","templated":true}]}}