{"id":132,"date":"2020-11-10T23:04:21","date_gmt":"2020-11-10T23:04:21","guid":{"rendered":"http:\/\/shop.restaurant-maulhelden.de\/?post_type=product&#038;p=132"},"modified":"2021-01-06T13:19:19","modified_gmt":"2021-01-06T13:19:19","slug":"klassische-bruehe-280ml","status":"publish","type":"product","link":"https:\/\/maulhelden.typo38.de\/?product=klassische-bruehe-280ml","title":{"rendered":"KLASSISCHE BR\u00dcHE 280ml"},"content":{"rendered":"<p><strong>Die klassische Br\u00fche aus frischen Knochen, Kr\u00e4utern und jeder Menge Gem\u00fcse.<\/strong><br \/>\n<strong>Verfeinert mit Sherry f\u00fcr den runden Geschmack.<\/strong><br \/>\n\u00dcber 48 Stunden sorgsam gekocht, mit Eiklar gekl\u00e4rt und durch ein Tuch passiert.<\/p>\n<p>So, wie es schon die Gro\u00dfmutter gemacht hat.<\/p>\n<p>Zutaten:<\/p>\n<p>Rinderknochen, Wasser, Gem\u00fcse (Sellerie, Karotten, Lauch, Zwiebeln), Kr\u00e4uter (Petersilie, Thymian, Rosmarin, Koriander), Sherry, Salz, Pfeffer, Wacholderbeeren, Lorbeer<\/p>\n","protected":false},"excerpt":{"rendered":"<p><strong>Die klassische Br\u00fche aus frischen Knochen, Kr\u00e4utern und jeder Menge Gem\u00fcse.<\/strong><br \/>\n<strong>Verfeinert mit Sherry f\u00fcr den runden Geschmack.<\/strong><br \/>\n\u00dcber 48 Stunden sorgsam gekocht, mit Eiklar gekl\u00e4rt und durch ein Tuch passiert.<\/p>\n<p>So, wie es schon die Gro\u00dfmutter gemacht hat.<\/p>\n<p><em>Preis zzgl. 1\u20ac Pfand f\u00fcr Glas &amp; Deckel<\/em><\/p>\n<p>&nbsp;<\/p>\n","protected":false},"featured_media":827,"template":"","meta":[],"_links":{"self":[{"href":"https:\/\/maulhelden.typo38.de\/index.php?rest_route=\/wp\/v2\/product\/132"}],"collection":[{"href":"https:\/\/maulhelden.typo38.de\/index.php?rest_route=\/wp\/v2\/product"}],"about":[{"href":"https:\/\/maulhelden.typo38.de\/index.php?rest_route=\/wp\/v2\/types\/product"}],"wp:featuredmedia":[{"embeddable":true,"href":"https:\/\/maulhelden.typo38.de\/index.php?rest_route=\/wp\/v2\/media\/827"}],"wp:attachment":[{"href":"https:\/\/maulhelden.typo38.de\/index.php?rest_route=%2Fwp%2Fv2%2Fmedia&parent=132"}],"curies":[{"name":"wp","href":"https:\/\/api.w.org\/{rel}","templated":true}]}}