{"id":1074,"date":"2021-03-18T15:12:11","date_gmt":"2021-03-18T15:12:11","guid":{"rendered":"https:\/\/shop.restaurant-maulhelden.de\/?post_type=product&#038;p=1074"},"modified":"2021-03-31T05:38:42","modified_gmt":"2021-03-31T05:38:42","slug":"schwaben-bacon-bomb-burger","status":"publish","type":"product","link":"https:\/\/maulhelden.typo38.de\/?product=schwaben-bacon-bomb-burger","title":{"rendered":"Schwaben Bacon Bomb Burger"},"content":{"rendered":"<div class=\"kvgmc6g5 cxmmr5t8 oygrvhab hcukyx3x c1et5uql ii04i59q\">\n<div dir=\"auto\">Der SCHWABEN BACON BOMB BURGER<\/div>\n<\/div>\n<div class=\"o9v6fnle cxmmr5t8 oygrvhab hcukyx3x c1et5uql ii04i59q\">\n<div dir=\"auto\">im Kugelgrill ger\u00e4uchert, mehrfach glasiert, gef\u00fcllt mit K\u00e4se und Champignons &amp; Maultasche vom Albschwein,<\/div>\n<div dir=\"auto\">dazu Asia Rotkohl Salat &amp; Liquid Cheese Cream in hausgemachtem Bun !<\/div>\n<\/div>\n<div class=\"o9v6fnle cxmmr5t8 oygrvhab hcukyx3x c1et5uql ii04i59q\"><\/div>\n","protected":false},"excerpt":{"rendered":"<p>Der SCHWABEN BACON BOMB BURGER im Kugelgrill ger\u00e4uchert, mehrfach glasiert, gef\u00fcllt mit K\u00e4se und Champignons &amp; Maultasche vom Albschwein, dazu Asia Rotkohl Salat &amp; Liquid Cheese Cream in hausgemachtem Bun !<\/p>\n","protected":false},"featured_media":1075,"template":"","meta":[],"_links":{"self":[{"href":"https:\/\/maulhelden.typo38.de\/index.php?rest_route=\/wp\/v2\/product\/1074"}],"collection":[{"href":"https:\/\/maulhelden.typo38.de\/index.php?rest_route=\/wp\/v2\/product"}],"about":[{"href":"https:\/\/maulhelden.typo38.de\/index.php?rest_route=\/wp\/v2\/types\/product"}],"wp:featuredmedia":[{"embeddable":true,"href":"https:\/\/maulhelden.typo38.de\/index.php?rest_route=\/wp\/v2\/media\/1075"}],"wp:attachment":[{"href":"https:\/\/maulhelden.typo38.de\/index.php?rest_route=%2Fwp%2Fv2%2Fmedia&parent=1074"}],"curies":[{"name":"wp","href":"https:\/\/api.w.org\/{rel}","templated":true}]}}